- 1330. Give q(-44).
-10
Let o(b) = 690*b - 29664. Give o(43).
6
Let v(w) = 467*w - 1391. Give v(3).
10
Let s(n) = 6*n**3 - 11*n**2 - 12*n + 3. Give s(-1).
-2
Let b(x) = x**2 - 83*x - 1903. What is b(-19)?
35
Let r(n) = 7*n**2 + 293*n + 1084. Calculate r(-4).
24
Let v(c) = 3*c**3 + 73*c**2 + 104*c + 257. Give v(-23).
-19
Let j(u) = -46*u - 2740. Determine j(-59).
-26
Let m(z) = -47*z**2 + 1275*z + 33. Give m(27).
195
Let i(w) = -125*w**2 - 4*w + 3. Give i(1).
-126
Let a(f) = -3*f**2 + 12. Give a(5).
-63
Let j(x) = -520*x - 10409. Calculate j(-20).
-9
Let l(r) = -11*r**2 - r - 24. Calculate l(0).
-24
Let z(x) = -x**3 - 85*x**2 - 252*x + 120. Calculate z(-82).
612
Let m(v) = 55*v - 1176. Calculate m(22).
34
Let z(a) = 2*a**3 - 2*a**2 + 29*a + 44. Determine z(0).
44
Let c(y) = y**2 - 248*y - 1777. Give c(-7).
8
Let c(o) = -3*o**2 - 13*o + 33. Give c(-10).
-137
Let u(c) = 48*c - 80. Calculate u(2).
16
Let n(g) = g**2 + 36*g + 59. What is n(-38)?
135
Let b(i) = -9*i**2 - 9*i + 4. Determine b(-4).
-104
Let x(u) = -2*u**3 + 84*u + 83. What is x(-1)?
1
Let n(u) = -19*u**3 - 64*u**2 - 113*u + 5. What is n(-2)?
127
Let j(a) = 28*a - 56. Calculate j(15).
364
Let h(b) = b**3 - 83*b**2 + 243*b - 227. Determine h(80).
13
Let i(w) = 46*w - 495. Determine i(11).
11
Let g(k) = -54*k + 6540. What is g(121)?
6
Let m(a) = 2*a**3 - 56*a**2 - 38*a - 22. Determine m(29).
558
Let g(p) = -120*p - 112. Calculate g(-1).
8
Let a(o) = -436*o - 7813. What is a(-18)?
35
Let z(h) = 6*h**2 + 141*h - 394. Determine z(-26).
-4
Let j(t) = 2*t**2 + 24*t - 253. What is j(7)?
13
Let v(s) = s**2 + 138*s + 4747. What is v(-64)?
11
Let f(k) = -k**2 - 21*k - 215. Give f(-7).
-117
Let i(m) = m**2 - 90*m - 52. Give i(90).
-52
Let g(p) = 2*p**2 - 23*p + 179. Give g(11).
168
Let t(h) = -2*h**3 - 10*h**2 + 3*h + 2. What is t(-1)?
-9
Let l(v) = v**2 - 47*v - 38. Give l(48).
10
Let y(s) = s**3 - 14*s**2 - 866. Determine y(17).
1
Let c(j) = -j**3 + 5*j**2 - 6*j - 3. Give c(5).
-33
Let m(j) = -14*j**2 + 49*j + 114. What is m(-2)?
-40
Let r(m) = m**3 - 11*m**2 + 60*m - 11. What is r(8)?
277
Let n(b) = 32*b**3 - 416*b**2 + 3*b - 36. What is n(13)?
3
Let g(d) = -3594*d - 82688. Determine g(-23).
-26
Let n(i) = 18*i - 523. Determine n(26).
-55
Let r(d) = -d**3 - 48*d**2 + 235*d + 1423. What is r(-52)?
19
Let q(r) = -r**3 - 96*r**2 + 508*r + 299. Calculate q(-101).
-4
Let m(d) = -23*d**2 + 3*d + 1. Give m(2).
-85
Let r(f) = -f**2 + 594*f - 4178. Determine r(7).
-69
Let m(v) = 35*v + 67. What is m(-5)?
-108
Let j(c) = -c**2 - 79*c - 1340. Calculate j(-24).
-20
Let o(x) = 1257*x + 3812. Give o(-3).
41
Let z(m) = -m**3 - 87*m**2 - 173*m - 253. Determine z(-85).
2
Let q(d) = d**3 + 24*d**2 + 71*d - 160. Determine q(-20).
20
Let x(o) = o**2 - 28*o - 124. Give x(32).
4
Let n(s) = s**2 - 21*s + 48. What is n(13)?
-56
Let w(y) = -4*y**2 - 890*y - 22441. Give w(-29).
5
Let a(y) = -22*y - 22. Give a(-3).
44
Let v(w) = -3*w**2 - 65*w - 269. What is v(-19)?
-117
Let o(b) = -b**3 - 8*b**2 - 7*b - 13. Determine o(-5).
-53
Let g(b) = b**3 + 19*b**2 - 2*b - 123. What is g(-19)?
-85
Let n(q) = 38*q**2 + 749*q - 222. What is n(-20)?
-2
Let i(t) = -352*t - 9154. Determine i(-26).
-2
Let v(k) = k**2 + 72*k + 851. Determine v(-60).
131
Let d(y) = 3*y**3 - 65*y**2 + 45*y - 47. Determine d(21).
16
Let o(a) = 4*a**2 + 27*a - 9. What is o(-6)?
-27
Let a(j) = -j**2 + 44*j - 37. Give a(43).
6
Let m(k) = 25*k - 980. Calculate m(14).
-630
Let v(x) = 2*x**2 - 27*x - 803. Give v(28).
9
Let r(p) = p**2 + 17*p + 56. Calculate r(-11).
-10
Let s(q) = -152*q + 14373. Determine s(95).
-67
Let x(j) = 108*j - 474. What is x(7)?
282
Let i(h) = -h**3 - 8*h**2 + 79*h + 21. What is i(-14)?
91
Let v(i) = 7*i**2 + 21*i - 185. What is v(5)?
95
Let i(r) = -3*r**3 - 116*r**2 + 37*r - 120. Calculate i(-39).
-42
Let k(m) = -49*m - 420. Determine k(-9).
21
Let s(i) = i**2 + 28*i - 252. What is s(-35)?
-7
Let a(t) = 40*t - 309. Calculate a(12).
171
Let h(v) = 76*v - 103. Calculate h(5).
277
Let k(w) = -16*w - 12. Calculate k(1).
-28
Let s(r) = 5*r**2 - 48*r - 73. What is s(12)?
71
Let u(o) = -o**2 - 238*o + 2740. What is u(11)?
1
Let p(r) = 5*r**2 - 63*r + 39. Determine p(12).
3
Let p(f) = -2*f**3 - 4*f**2 + f + 11. Give p(0).
11
Let a(x) = -26*x**3 + 3*x**2 + 3*x + 10. Determine a(-2).
224
Let b(u) = -3*u**2 - 31*u + 49. Determine b(-12).
-11
Let a(d) = -5*d**3 + 25*d**2 - 14*d - 12. Calculate a(1).
-6
Let p(d) = 1257*d - 15087. Give p(12).
-3
Let r(p) = -24*p + 919. Determine r(37).
31
Let o(w) = -2*w**3 + 23*w**2 - 5*w - 85. Give o(8).
323
Let k(n) = -n**3 + n**2 + 30*n + 13. What is k(8)?
-195
Let v(o) = -o**3 - 22*o**2 + 51*o - 27. Determine v(-24).
-99
Let r(w) = 6*w**2 - 67*w + 48. Calculate r(10).
-22
Let j(h) = -h**3 - 14*h**2 + 38*h + 29. Give j(-16).
-67
Let k(t) = 64*t - 1977. Determine k(31).
7
Let k(s) = -11*s**3 - 9*s**2 - 16*s + 8. Give k(-4).
632
Let b(o) = -2*o**3 - 86*o**2 - 169*o - 243. What is b(-41)?
-38
Let k(n) = -n**3 + 9*n**2 - 23*n - 27. Calculate k(5).
-42
Let g(d) = 6*d**2 - 76*d - 172. Give g(-2).
4
Let u(j) = j**3 + 65*j**2 + 1043*j - 43. Calculate u(-29).
-14
Let i(s) = 591*s + 590. Determine i(-1).
-1
Let q(k) = -2*k**2 + 18*k - 40. Calculate q(10).
-60
Let i(z) = -1329*z - 3923. What is i(-3)?
64
Let w(b) = -4*b**2 - b + 101. Determine w(-6).
-37
Let g(x) = -x**2 + 2*x + 89. What is g(9)?
26
Let y(g) = 46*g + 2801. What is y(-61)?
-5
Let p(a) = -287*a - 1747. What is p(-6)?
-25
Let f(v) = -111*v + 64. Determine f(6).
-602
Let w(a) = 2*a**2 + 199*a + 4885. Give w(-45).
-20
Let a(j) = -30*j + 2258. Calculate a(76).
-22
Let x(f) = 19*f + 16. Determine x(11).
225
Let m(u) = u**2 + u - 112. Determine m(0).
-112
Let y(r) = -4*r**3 - 4*r**2 - 8*r - 17. Determine y(-2).
15
Let i(o) = 27*o**2 - 919*o + 71. What is i(34)?
37
Let a(p) = 7*p**2 - 503*p + 1003. What is a(2)?
25
Let v(i) = -281*i - 12643. Calculate v(-45).
2
Let n(c) = 7*c + 13. Give n(-6).
-29
Let d(f) = -f**3 + f**2 + 5*f + 5. Determine d(3).
2
Let w(q) = -6*q - 124. Give w(9).
-178
Let x(c) = c**3 + c**2 + 5*c + 3. Give x(-4).
-65
Let w(j) = j**3 - 22*j**2 + 54*j - 60. What is w(19)?
-117
Let u(x) = 2*x**2 - 66*x - 452. Determine u(-6).
16
Let q(i) = -16*i + 937. What is q(62)?
-55
Let c(i) = 28*i**3 - 2102*i**2 + 145*i + 385. Give c(75).
10
Let w(r) = -4*r**3 - 37*r**2 - 71*r + 22. Give w(-9).
580
Let u(o) = 2*o**2 - 86*o + 256. Determine u(40).
16
Let d(s) = 108*s - 1929. Give d(18).
15
Let w(h) = -h**3 + 75*h**2 - h + 76. What is w(75)?
1
Let a(i) = 2190*i + 10954. Give a(-5).
4
Let a(n) = -998*n + 3. Give a(0).
3
Let q(h) = -h**3 + 12*h**2 + 356*h - 3447. What is q(9)?
0
Let r(l) = -3*l**2 - 1368*l - 4084. What is r(-3)?
-7
Let f(c) = -2*c**2 - 10*c - 18. Determine f(-2).
-6
Let l(g) = -437*g + 2605. Calculate l(6).
-17
Let i(c) = 3*c**3 - 51*c**2 + 120*c - 2041. Calculate i(17).
-1
Let i(q) = 244*q**2 + 2*q + 38. What is i(0)?
38
Let w(h) = 2*h**3 - 11*h**2 - 8. Determine w(6).
28
Let b(i) = 9*i**2 - 138*i + 14. Give b(15).
-31
Let p(m) = -m**3 + 70*m**2 - 68*m - 247. Determine p(69).
-178
Let f(d) = 51*d - 189. Calculate f(5).
66
Let q(v) = v**2 - 21*v - 320. Give q(32).
32
Let a(o) = 2*o**2 - 27*o + 47. What is a(11)?
-8
Let m(a) = 293*a + 6999. Calculate m(-24).
-33
Let y(t) = 3*t**2 - 190*t - 322. What is y(65)?
3
Let t(x) = 76*x**2 - 1896*x - 107. Calculate t(25).
-7
Let j(p) = -571*p + 2287. Calculate j(4).
3
Let t(d) = -2*d**3 + 31*d**2 + 18*d - 17. Give t(16).
15
Let f(a) = 43*a + 1062. Give f(-32).
-314
Let c(t) = -t**2 - 18*t + 173. What is c(-25)?
-2
Let d(f) = f**3 + 18*f**2 - 12*f - 225. What is d(-18)?
-9
Let y(q) = 2*q**2 + 47*q + 24. Calculate y(-24).
48
Let c(x) = x**3 + 68*x**2 - 85*x - 1108. Give c(-69).
-4
Let j(u) = -146*u**2 - 5*u - 2. Calculate j(-1).
-143
Let i(h) = -1796*h + 25137. Give i(14).
-7
Let g(u) = u**3 - 7*u**2 + 10*u + 10. Determine g(5).
10
Let g(u) = -2*u**3 - 10*u**2 - 17*u + 7. Determine g(-6).
181
Let x(n) = -205*n - 5978. Give x(-29).
-33
Let z(j) = -50*j**3 + j**2 + j + 3. What is z(2)?
-391
Let w(d) = 357*d - 2003. Determine w(5).
-218
Let i(n) = 5*n**2 - 24*n + 95. Calculate i(7).
172
Let j(g) = -g**2 + 143*g - 4552. Give j(48).
8
Let t(f) = -11*f**2 - 2942*f - 1361. Give t(-267).
-26
Let c(k) = -k**3 - 38*